ose 4*d = -0*d + 20. Let l be 189/15 + 2/d. Let h be (l + 0)/(1 - 0). Calculate the greatest common divisor of 104 and h.
13
Let p = -5 + 6. Suppose 0 = -5*d - 3*n + 18, -4*d - 4*n + 15 = -n. What is the highest common factor of d and p?
1
Let o(w) = -3*w + 306. Let y be o(0). What is the highest common factor of 34 and y?
34
Let i be ((-258)/15)/((-2)/30). Suppose -3*b + i = 4*h, -18 = -h + 2*b + 52. What is the greatest common divisor of 44 and h?
22
Let f = 10 + -5. Let s = 14 - -11. What is the highest common divisor of s and f?
5
Let u be (1/1)/((-2)/(-4)). Suppose -5*a + u*a = -42. Calculate the greatest common divisor of a and 7.
7
Let z be (-2)/(6/(-57)) + 8/4. Let l = -5 + 8. Suppose f - 5*p + 14 = l*f, -2*p - 7 = -f. What is the greatest common divisor of z and f?
7
Let w(a) = a**3 + 2*a**2 - 4*a - 1. Let x be w(-3). Calculate the highest common factor of 1 and x.
1
Let w(s) = 6*s + 16. Let l be w(0). Calculate the greatest common factor of 16 and l.
16
Suppose -f = 2*f - 51. Suppose 6*h - 3*h = 2*a + 398, -675 = -5*h + a. What is the highest common factor of h and f?
17
Suppose -d + 0*d + 180 = 5*m, 3*d = -5*m + 570. What is the highest common factor of 15 and d?
15
Suppose 0 = -3*w - 34 - 47. Let z = -12 - w. Let m(l) = 4*l - 9. Let p be m(6). Calculate the highest common factor of p and z.
15
Suppose -1 = -u + b - 2, 0 = 3*u - 2*b - 1. Calculate the greatest common divisor of u and 24.
3
Suppose -5*q - g = -70, 3*q + 2*g = -14 + 56. Calculate the greatest common divisor of q and 154.
14
Let d be (-1106)/(-30) - (-12)/90. Suppose f = 4*g + g + d, -f + 2 = 2*g. Calculate the highest common divisor of f and 96.
12
Let k be -6*1*2/(-6). Suppose -k = -p + 7. Suppose -5*l = -3*s - 38, -s - 37 = -5*l + p. Calculate the greatest common divisor of 2 and l.
2
Let f = 3 + -1. Suppose -4*u - 39 - 17 = 0. Let y = 36 + u. What is the highest common divisor of f and y?
2
Let x(z) = z + 2. Let j be x(-2). Let y be (-48)/18*(j + -6). Calculate the greatest common divisor of y and 24.
8
Suppose i = -2*c + 4 + 5, 3*i = -5*c + 24. Let h = -38 - -53. What is the greatest common factor of h and c?
3
Let c(a) = 3*a**2 - a**3 - 1 + a**2 + 5*a - 2*a. Let u be c(4). Calculate the greatest common factor of u and 77.
11
Suppose -10*d + 6*d = -200. What is the greatest common divisor of d and 10?
10
Let a = -46 - -100. Let u(h) = -h - 4. Let x be u(-8). Let d(f) = 3*f - 6. Let s be d(x). Calculate the highest common factor of s and a.
6
Let j = 16 + -8. Let g = -5 + j. Let u = 1 + 0. Calculate the greatest common divisor of g and u.
1
Let v = -159 - -258. What is the highest common divisor of v and 22?
11
Suppose 4*g + 9 = 129. What is the greatest common factor of 5 and g?
5
Suppose 0 = o + 31 - 73. Suppose -3*z - 12 = -o. Let b = -6 + 16. What is the highest common divisor of b and z?
10
Let t be 1/((-2)/(-126)*3). Let z = t - -3. Calculate the highest common divisor of z and 120.
24
Let q(p) = p - 5. Let j be q(-5). Let o = j + 6. Let w be (2/o)/(3/(-6)). What is the greatest common factor of w and 2?
1
Let p = 4 - 2. Calculate the greatest common factor of p and 10.
2
Suppose 0 = -b + 5*b - 40. Let j = b + -7. Suppose m - j*m + 16 = -4*f, 0 = -5*m - 5*f + 85. What is the greatest common divisor of m and 70?
14
Let u(i) = 5*i**2 + i. Let h be u(-2). Suppose -800 = 2*j - 7*j - 5*x, 4*x + 332 = 2*j. What is the greatest common factor of h and j?
18
Suppose -4*z + 2*c - 26 = 0, -5*z + 4*c = -0*z + 40. Let p = z + 5. What is the greatest common divisor of 4 and p?
1
Let f(a) = -8*a - 64. Let u be f(-9). Calculate the highest common factor of 36 and u.
4
Let r(m) = -11*m - 17. Let b be r(-4). What is the greatest common factor of 18 and b?
9
Let o be -51*-1*(-2 - (-3 + 0)). What is the greatest common factor of 34 and o?
17
Let x(q) = q**2 + 5*q + 3. Let g be x(-5). Suppose -15 = -0*d - g*d. Calculate the greatest common divisor of 15 and d.
5
Let t(c) = 152*c**2 + 2*c - 2. Let a be t(1). Calculate the greatest common divisor of a and 19.
19
Let z(m) = 16*m**2 - m + 1. Let b be z(1). Let l be (-148)/(-6) + (-2)/3. What is the greatest common divisor of b and l?
8
Let q(s) = s**3 + s**2 + 2*s - 4. Let o be q(3). Suppose 0 = -3*l + 12 - 0. Suppose -l*b + 327 - 99 = 0. What is the greatest common divisor of b and o?
19
Let p be (-2)/(-8) + 150/(-24). Let a be p/4*(-4)/6. Let z be 185/a + 1 + 1. What is the highest common factor of 17 and z?
17
Let h = 10 + -7. Suppose -8 = y - 4*i, -4*y - y = h*i - 29. Calculate the highest common factor of y and 12.
4
Let a(k) = -k - 3. Let y be a(-6). Suppose w + w - y*x = 41, 5*w + 4*x = 45. What is the highest common divisor of 91 and w?
13
Suppose -63 + 43 = -2*j. Calculate the greatest common divisor of 15 and j.
5
Suppose 2*x = -x + 3. Suppose x + 67 = 2*o + 5*d, 2*d = -2*o + 56. Calculate the greatest common divisor of 3 and o.
3
Let n(m) = m**2 + m - 1. Let i be n(2). Let g be 2/(-5) - (-62)/i. Let a = -3 + 15. What is the highest common factor of a and g?
12
Let v(m) = -10*m - 2. Let u be v(-1). What is the greatest common factor of u and 4?
4
Suppose 3*z - 1 + 4 = 0, 0 = -g - 4*z + 74. What is the highest common divisor of g and 26?
26
Suppose 0 = -4*b + 4, x + 3*b - 5 = 4*b. Calculate the greatest common divisor of x and 2.
2
Let i be (-3 - -8)*8/5. What is the highest common divisor of i and 88?
8
Suppose 0 = 4*a + 2*a - 882. What is the highest common divisor of a and 21?
21
Let i = 37 - 49. Let v = -1 - i. Suppose -l + 11 = -0. Calculate the greatest common divisor of v and l.
11
Suppose -3*r - 1 = -2*r. Let o(a) = 8*a**2 + a. Let v be o(r). Suppose -3*p + x = -109, 2*x - 44 = -4*p + 88. Calculate the greatest common factor of p and v.
7
Let t(o) = o**3 - 5*o**2 + 7*o - 8. Let z be t(6). Let y be (z/(-3))/((-12)/18). What is the highest common factor of y and 5?
5
Suppose -5*r = 3*m - 66, r - 3*m - 30 = -2*r. Let c = 197 - 89. What is the greatest common divisor of r and c?
12
Let m be -5*((-9)/(-15) + -1). Suppose 15 = 3*j + 3. Suppose -m*w = j*g - 7*w - 32, -24 = -3*g + 2*w. What is the highest common divisor of g and 40?
8
Let b(c) = c. Suppose -4*w + 3 = -13. Let r be b(w). What is the greatest common factor of 36 and r?
4
Let f(w) = 2*w + 16. Let m be f(-6). Calculate the greatest common factor of 20 and m.
4
Let z(g) = -g. Let q be z(1). Let l be q - (-143 - (3 + -1)). Calculate the highest common factor of 16 and l.
16
Suppose -4*z = 2 - 6. Let q(u) = 7*u**3 + u**2. Let a be q(z). Let h be (-2 + 86)*6/a. What is the greatest common factor of h and 9?
9
Suppose 3*r + 4*d - 39 = 8*d, 0 = -2*r - 3*d + 9. Let l = -37 - -73. What is the highest common divisor of r and l?
9
Let o = -12 - -14. Suppose 2*r = -5*m + 1032, -o*m + 6 + 390 = 5*r. What is the greatest common divisor of 26 and m?
26
Suppose -k + 10 = -0. Let i be 116/k + 3/(-5). What is the highest common divisor of i and 22?
11
Let c = -13 + 7. Let o(g) = 2*g**2 + 3*g. Let m be o(c). Let h be -37*(-4)/4 - 1. Calculate the greatest common divisor of h and m.
18
Suppose 3*k = -k - 600. Let t = -66 - k. What is the highest common factor of 28 and t?
28
Let n = 25 - 9. Calculate the highest common divisor of 2 and n.
2
Suppose -2*i + 9*i - 714 = 0. What is the highest common factor of i and 6?
6
Let x = 7 - 0. Let a(k) = -k**2 + 13*k - 23. Let t be a(10). What is the greatest common factor of t and x?
7
Suppose 0 = -2*p - 0*p. Suppose p = -3*t - 0*t. Suppose 14 = 3*g - t*g - 4*f, -3*g + 2*f + 10 = 0. Calculate the highest common divisor of 20 and g.
2
Let h(g) = 5*g**2 + 3*g. Let w be h(4). What is the greatest common factor of w and 23?
23
Let q = 15 - 21. Let g be (9/(-4))/(q/16). What is the greatest common divisor of g and 6?
6
Let c = -2 + 3. Let v(r) = -2*r + 4*r + 3 - c - 1. Let x be v(1). Calculate the greatest common factor of x and 33.
3
Suppose -10 = -4*s + 6. Suppose s*y = 8 + 4. Suppose -160 = -5*p + a, -p = 2*p - 5*a - 74. What is the greatest common factor of y and p?
3
Let w = -100 - -126. Calculate the highest common divisor of 13 and w.
13
Let l(h) = -h**3 + 7*h**2 - 6*h. Let c be l(6). Suppose 3*a - 4*w = 25, -3*a - w + c*w + 50 = 0. Calculate the greatest common divisor of 6 and a.
3
Suppose -4*j + 7*j - 240 = -5*c, 0 = -3*c + 9. Let 